{"id":24806,"date":"2025-09-09T17:06:00","date_gmt":"2025-09-09T14:06:00","guid":{"rendered":"https:\/\/yigitosgb.com\/?page_id=24806"},"modified":"2025-09-22T13:55:59","modified_gmt":"2025-09-22T10:55:59","slug":"isg-egitimleri","status":"publish","type":"page","link":"https:\/\/wp.beranet.com\/index.php\/isg-egitimleri\/","title":{"rendered":"\u0130SG E\u011fitimleri"},"content":{"rendered":"<div class=\"wpb-content-wrapper\"><p>[vc_row height=&#8221;auto&#8221; css=&#8221;.vc_custom_1496595329737{margin-top: -100px !important;}&#8221;][vc_column][vc_empty_space height=&#8221;100&#8243;][vc_custom_heading text=&#8221;\u0130SG E\u011e\u0130T\u0130MLER\u0130&#8221; font_container=&#8221;tag:h3|text_align:left&#8221; google_fonts=&#8221;font_family:Anton%3Aregular|font_style:400%20regular%3A400%3Anormal&#8221;][\/vc_column][\/vc_row][vc_row content_placement=&#8221;middle&#8221; height=&#8221;auto&#8221; bg_type=&#8221;bg_color&#8221; bg_color_value=&#8221;#efefef&#8221; css=&#8221;.vc_custom_1496606800428{padding-top: -50px !important;padding-bottom: -50px !important;}&#8221;][vc_column][vc_empty_space height=&#8221;20px&#8221;][vc_column_text]6331 Say\u0131l\u0131 \u0130\u015f Sa\u011fl\u0131\u011f\u0131 ve G\u00fcvenli\u011fi Kanunu 25426 say\u0131l\u0131 \u00c7al\u0131\u015fanlar\u0131n \u0130\u015f Sa\u011fl\u0131\u011f\u0131 ve G\u00fcvenli\u011fi E\u011fitimlerinin Usul ve Esaslar\u0131 Hakk\u0131nda Y\u00f6netmelik h\u00fck\u00fcmleri kapsam\u0131nda t\u00fcm i\u015fverenler \u00e7al\u0131\u015fanlar\u0131na sertifikal\u0131 i\u015f sa\u011fl\u0131\u011f\u0131 ve g\u00fcvenli\u011fi e\u011fitimi verdirmek zorundad\u0131r.<\/p>\n<p>\u0130\u015f sa\u011fl\u0131\u011f\u0131 ve g\u00fcvenli\u011fi (\u0130SG) e\u011fitimi g\u00fcvenlik k\u00fclt\u00fcr\u00fc kazan\u0131lmas\u0131nda son derece \u00f6nemlidir. Yap\u0131lan ara\u015ft\u0131rmalar;\u0130\u015f Kazalar\u0131n\u0131n; % 88\u2019i insan hatas\u0131 sebebiyle, % 10 \u2018u mekanik hatalar sebebiyle, % 2\u2019si \u00f6ng\u00f6r\u00fclemeyen, \u00f6nlenemeyen sebeplerle meydana gelmektedir.<\/p>\n<p>\u0130\u015f Kazalar\u0131n\u0131n % 50\u2019si kolayl\u0131kla \u00f6nlenebilecek kazalard\u0131r. \u0130\u015f Kazalar\u0131n\u0131n % 48\u2019i sistemli bir \u00e7al\u0131\u015fma ile \u00f6nlenebilecek t\u00fcrden kazalard\u0131r. Kazalar\u0131n sadece % 2 \u2018si \u00f6nlenemeyecek t\u00fcrden kazalard\u0131r. Meslek hastal\u0131klar\u0131n\u0131n ise %100\u2019\u00fc gerekli tedbirlerin al\u0131nmas\u0131 suretiyle \u00f6nlenebilmektedir.[\/vc_column_text][vc_empty_space height=&#8221;0px&#8221;][\/vc_column][\/vc_row][vc_row height=&#8221;auto&#8221; css=&#8221;.vc_custom_1495988000222{margin-top: 0px !important;}&#8221;][vc_column][vc_empty_space height=&#8221;20px&#8221;][vc_column_text]<strong>\u00c7al\u0131\u015fanlara Temel \u0130SG E\u011fitimleri;<\/strong><\/p>\n<p><strong>a) \u00c7ok tehlikeli s\u0131n\u0131fta yer alan i\u015fyerlerinde y\u0131lda en az bir defa ve 16 saat<\/strong><\/p>\n<p><strong>b) Tehlikeli s\u0131n\u0131fta yer alan i\u015fyerlerinde\u00a02 y\u0131lda en az bir defa ve 12 saat<\/strong><\/p>\n<p><strong>c) Az tehlikeli s\u0131n\u0131fta yer alan i\u015fyerlerinde 3\u00a0y\u0131lda en az bir defa ve 8 saat olarak d\u00fczenlenir.<\/strong><\/p>\n<p>6331 say\u0131l\u0131 \u0130\u015f Sa\u011fl\u0131\u011f\u0131 ve G\u00fcvenli\u011fi Kanununun yan\u0131 s\u0131ra Yarg\u0131tayca verilen i\u00e7tihat niteli\u011finde baz\u0131 kararlar ile de e\u011fitimin \u00f6nemine vurgu yap\u0131lm\u0131\u015ft\u0131r: Yarg\u0131tay 10. Hukuk Dairesi 23.03.1982 tarih ve 1498 esas say\u0131l\u0131 ve 1701 karar say\u0131l\u0131 karar\u0131nda; \u201c<strong>\u0130\u015f\u00e7iyi e\u011fitmeden \u00e7al\u0131\u015ft\u0131rmaya ba\u015flayan i\u015fveren, meydana gelen i\u015f kazas\u0131ndan sorumludur.<\/strong>\u201d ifadesine yer verilmi\u015f [46], bir di\u011ferinde ise Yarg\u0131tay 9. Hukuk Dairesi 16.06.2004 tarih ve 2004\/21-365 esas say\u0131l\u0131 ve 2004\/369 karar say\u0131l\u0131 karar\u0131nda \u201c<strong>\u0130\u015f sa\u011fl\u0131\u011f\u0131 ve g\u00fcvenli\u011fi konusunda e\u011fitim, bir k\u0131s\u0131m mevzuat ve h\u00fck\u00fcmlerini i\u00e7eren belgelerin verilmesiyle de\u011fil, eylemli olarak bu bilgilerin aktar\u0131lmas\u0131 ve \u00f6neminin kavrat\u0131lmas\u0131 ile sa\u011flanabilir.<\/strong>\u201d denilmektedir<\/p>\n<h2>\u00c7al\u0131\u015fanlar\u0131n\u00a0\u0130SG E\u011fitimi ALmalar\u0131 ile ilgili Mevzuat<\/h2>\n<ul>\n<li><strong>6331 say\u0131l\u0131 \u0130\u015f Sa\u011fl\u0131\u011f\u0131 ve G\u00fcvenli\u011fi Kanununu,\u00a0\u201c\u00c7al\u0131\u015fanlar\u0131n E\u011fitimi\u201d ba\u015fl\u0131kl\u0131 17 nci maddesinde \u015fu h\u00fck\u00fcmlere yer verilmi\u015ftir:<\/strong><\/li>\n<\/ul>\n<p>\u201c(1) \u0130\u015fveren, \u00e7al\u0131\u015fanlar\u0131n i\u015f sa\u011fl\u0131\u011f\u0131 ve g\u00fcvenli\u011fi e\u011fitimlerini almas\u0131n\u0131 sa\u011flar. Bu e\u011fitim \u00f6zellikle; i\u015fe ba\u015flamadan \u00f6nce, \u00e7al\u0131\u015fma yeri veya i\u015f de\u011fi\u015fikli\u011finde, i\u015f ekipman\u0131n\u0131n de\u011fi\u015fmesi h\u00e2linde veya yeni teknoloji uygulanmas\u0131 h\u00e2linde verilir. E\u011fitimler, de\u011fi\u015fen ve ortaya \u00e7\u0131kan yeni risklere uygun olarak yenilenir, gerekti\u011finde ve d\u00fczenli aral\u0131klarla tekrarlan\u0131r.<\/p>\n<p>(2) \u00c7al\u0131\u015fan temsilcileri \u00f6zel olarak e\u011fitilir.<\/p>\n<p>(3) Mesleki e\u011fitim alma zorunlulu\u011fu bulunan tehlikeli ve \u00e7ok tehlikeli s\u0131n\u0131fta yer alan i\u015flerde, yapaca\u011f\u0131 i\u015fle ilgili mesleki e\u011fitim ald\u0131\u011f\u0131n\u0131 belgeleyemeyenler \u00e7al\u0131\u015ft\u0131r\u0131lamaz.<\/p>\n<p>(4) \u0130\u015f kazas\u0131 ge\u00e7iren veya meslek hastal\u0131\u011f\u0131na yakalanan \u00e7al\u0131\u015fana i\u015fe ba\u015flamadan \u00f6nce, s\u00f6z konusu kazan\u0131n veya meslek hastal\u0131\u011f\u0131n\u0131n sebepleri, korunma yollar\u0131 ve g\u00fcvenli \u00e7al\u0131\u015fma y\u00f6ntemleri ile ilgili ilave e\u011fitim verilir. Ayr\u0131ca, herhangi bir sebeple alt\u0131 aydan fazla s\u00fcreyle i\u015ften uzak kalanlara, tekrar i\u015fe ba\u015flat\u0131lmadan \u00f6nce bilgi yenileme e\u011fitimi verilir.<\/p>\n<p>(5) Tehlikeli ve \u00e7ok tehlikeli s\u0131n\u0131fta yer alan i\u015fyerlerinde; yap\u0131lacak i\u015flerde kar\u015f\u0131la\u015f\u0131lacak sa\u011fl\u0131k ve g\u00fcvenlik riskleri ile ilgili yeterli bilgi ve talimatlar\u0131 i\u00e7eren e\u011fitimin al\u0131nd\u0131\u011f\u0131na dair belge olmaks\u0131z\u0131n, ba\u015fka i\u015fyerlerinden \u00e7al\u0131\u015fmak \u00fczere gelen \u00e7al\u0131\u015fanlar i\u015fe ba\u015flat\u0131lamaz.<\/p>\n<p>(6) Ge\u00e7ici i\u015f ili\u015fkisi kurulan i\u015fveren, i\u015f sa\u011fl\u0131\u011f\u0131 ve g\u00fcvenli\u011fi risklerine kar\u015f\u0131 \u00e7al\u0131\u015fana gerekli e\u011fitimin verilmesini sa\u011flar.<\/p>\n<p>Yine ayn\u0131 Kanunun 11 inci maddesine g\u00f6re ise; i\u015fverenler, \u201cacil durumlarla m\u00fccadele i\u00e7in\u00a0i\u015fyerinin b\u00fcy\u00fckl\u00fc\u011f\u00fc ve ta\u015f\u0131d\u0131\u011f\u0131 \u00f6zel tehlikeler, yap\u0131lan i\u015fin niteli\u011fi, \u00e7al\u0131\u015fan say\u0131s\u0131 ile i\u015fyerinde bulunan di\u011fer ki\u015fileri dikkate alarak; \u00f6nleme, koruma, tahliye, yang\u0131nla m\u00fccadele, ilk yard\u0131m ve benzeri konularda uygun donan\u0131ma sahip ve bu konularda e\u011fitimli yeterli say\u0131da ki\u015fiyi g\u00f6revlendirir, ara\u00e7 ve gere\u00e7leri sa\u011flayarak e\u011fitim ve tatbikatlar\u0131 yapt\u0131r\u0131r ve ekiplerin her zaman haz\u0131r bulunmalar\u0131n\u0131 sa\u011flar.\u201d<\/p>\n<ul>\n<li><strong>15.05.2013 tarihli ve 28648 say\u0131l\u0131 Resmi Gazete\u2019de yay\u0131mlanarak y\u00fcr\u00fcrl\u00fc\u011fe giren \u201c\u00c7al\u0131\u015fanlar\u0131n \u0130\u015f Sa\u011fl\u0131\u011f\u0131 ve G\u00fcvenli\u011fi E\u011fitimlerinin Usul ve Esaslar\u0131 Hakk\u0131nda Y\u00f6netmelik\u201din getirmi\u015f oldu\u011fu bir tak\u0131m d\u00fczenlemeler \u015funlard\u0131r:<\/strong><\/li>\n<\/ul>\n<p>Y\u00f6netmeli\u011fin 5 inci maddesi \u201c\u0130\u015fveren, \u00e7al\u0131\u015fanlar\u0131n i\u015f sa\u011fl\u0131\u011f\u0131 ve g\u00fcvenli\u011fi e\u011fitimleri ile ilgili; programlar\u0131n haz\u0131rlamas\u0131n\u0131 ve uygulamas\u0131n\u0131, e\u011fitimler i\u00e7in uygun yer, ara\u00e7 ve gere\u00e7 temin edilmesini, \u00e7al\u0131\u015fanlar\u0131n bu programlara kat\u0131lmas\u0131n\u0131 ve e\u011fitim programlar\u0131 sonunda kat\u0131lanlar i\u00e7in kat\u0131l\u0131m belgesi d\u00fczenlenmesini sa\u011flar. \u0130\u015fveren, \u00a0ge\u00e7ici i\u015f ili\u015fkisi kurulan di\u011fer i\u015fverene Kanunun 16 nc\u0131 maddesinin birinci f\u0131kras\u0131ndaki (i\u015fyerinde kar\u015f\u0131la\u015f\u0131labilecek sa\u011fl\u0131k ve g\u00fcvenlik riskleri, koruyucu ve \u00f6nleyici tedbirler, kendileri ile ilgili yasal hak ve sorumluluklar ve ilk yard\u0131m, ola\u011fan d\u0131\u015f\u0131 durumlar, afetler ve yang\u0131nla m\u00fccadele ve tahliye i\u015fleri konusunda g\u00f6revlendirilen ki\u015filer) hususlar ile ilgili bilgi verir; ge\u00e7ici i\u015f ili\u015fkisi kurulan i\u015fveren bu konular hakk\u0131nda \u00e7al\u0131\u015fanlar\u0131na gerekli e\u011fitimin verilmesini sa\u011flar. As\u0131l i\u015fveren-alt i\u015fveren ili\u015fkisi kurulan i\u015fyerlerinde, alt i\u015fverene ait \u00e7al\u0131\u015fanlar\u0131n e\u011fitimlerinden, as\u0131l i\u015fveren, alt i\u015fverenle birlikte sorumludur. \u0130\u015fveren, tehlikeli ve \u00e7ok tehlikeli s\u0131n\u0131fta yer alan i\u015fyerlerinde; yap\u0131lacak i\u015flerde kar\u015f\u0131la\u015f\u0131lacak sa\u011fl\u0131k ve g\u00fcvenlik riskleri ile ilgili yeterli bilgi ve talimatlar\u0131 i\u00e7eren e\u011fitimin al\u0131nd\u0131\u011f\u0131na dair belge olmaks\u0131z\u0131n, ba\u015fka i\u015fyerlerinden \u00e7al\u0131\u015fmak \u00fczere gelen \u00e7al\u0131\u015fanlar\u0131 i\u015fe ba\u015flatamaz.\u201d \u015feklinde i\u015fverenlerin y\u00fck\u00fcml\u00fcl\u00fcklerini ortaya koymaktad\u0131r.<\/p>\n<p>Y\u00f6netmeli\u011fin 9 uncu maddesinde de \u201c\u00c7al\u0131\u015fanlar, uygulamaya konulan e\u011fitim programlar\u0131 \u00e7er\u00e7evesinde i\u015f sa\u011fl\u0131\u011f\u0131 ve g\u00fcvenli\u011fi e\u011fitimlerine kat\u0131l\u0131r, e\u011fitimlerde edindi\u011fi bilgileri yapt\u0131\u011f\u0131 i\u015f ve i\u015flemlerde uygular ve bu konudaki talimatlara uyarlar.\u201d h\u00fckm\u00fc ile \u00e7al\u0131\u015fanlara bu e\u011fitimlere kat\u0131lma ve \u00f6\u011frendiklerini uygulama y\u00fck\u00fcml\u00fcl\u00fc\u011f\u00fc getirilmi\u015ftir.<\/p>\n<p><strong>Madde 11\u00a0\u2014 \u00c7al\u0131\u015fanlara verilecek e\u011fitim, i\u015fyerinin faaliyet alan\u0131na g\u00f6re a\u015fa\u011f\u0131daki ve benzeri konulardan se\u00e7ilir;<\/strong><\/p>\n<ul>\n<li>\u00a0Genel i\u015f sa\u011fl\u0131\u011f\u0131 ve g\u00fcvenli\u011fi kurallar\u0131,<\/li>\n<li>\u00a0\u0130\u015f kazalar\u0131 ve meslek hastal\u0131klar\u0131n sebepleri ve i\u015fyerindeki riskler,<\/li>\n<li>\u00a0\u0130\u015f ekipmanlar\u0131n\u0131n g\u00fcvenli kullan\u0131m\u0131,<\/li>\n<li>Kaza, yaralanma ve hastal\u0131ktan korunma prensipleri ve korunma tekniklerinin uygulanmas\u0131,<\/li>\n<li>\u0130\u015f ekipmanlar\u0131n\u0131n g\u00fcvenli kullan\u0131m\u0131,<\/li>\n<li>\u00c7al\u0131\u015fanlar\u0131n yasal hak ve sorumluluklar\u0131,<\/li>\n<li>Yasal mevzuat ile ilgili bilgiler,<\/li>\n<li>\u0130\u015fyerinde g\u00fcvenli ortam ve sistemleri kurma,<\/li>\n<li>Ki\u015fisel koruyucu alet kullan\u0131m\u0131,<\/li>\n<li>Ekranl\u0131 ekipmanlarla \u00e7al\u0131\u015fma,<\/li>\n<li>Uyar\u0131 i\u015faretleri,<\/li>\n<li>Kimyasal, fiziksel ve biyolojik maddelerle ortaya \u00e7\u0131kan riskler,<\/li>\n<li>Temizlik ve d\u00fczen,<\/li>\n<li>Yang\u0131n olay\u0131 ve yang\u0131ndan korunma,<\/li>\n<li>Termal konfor \u015fartlar\u0131,<\/li>\n<li>Ergonomi,<\/li>\n<li>Elektrik, tehlikeleri, riskleri ve \u00f6nlemleri,<\/li>\n<li>\u0130lk yard\u0131m, kurtarma.<\/li>\n<\/ul>\n<p>[\/vc_column_text][vc_empty_space height=&#8221;10px&#8221;][\/vc_column][\/vc_row]<\/p>\n<\/div>","protected":false},"excerpt":{"rendered":"<p>[vc_row height=&#8221;auto&#8221; css=&#8221;.vc_custom_1496595329737{margin-top: -100px !important;}&#8221;][vc_column][vc_empty_space height=&#8221;100&#8243;][vc_custom_heading text=&#8221;\u0130SG E\u011e\u0130T\u0130MLER\u0130&#8221; font_container=&#8221;tag:h3|text_align:left&#8221; google_fonts=&#8221;font_family:Anton%3Aregular|font_style:400%20regular%3A400%3Anormal&#8221;][\/vc_column][\/vc_row][vc_row content_placement=&#8221;middle&#8221; height=&#8221;auto&#8221; bg_type=&#8221;bg_color&#8221; bg_color_value=&#8221;#efefef&#8221; css=&#8221;.vc_custom_1496606800428{padding-top: -50px !important;padding-bottom: -50px !important;}&#8221;][vc_column][vc_empty_space height=&#8221;20px&#8221;][vc_column_text]6331 Say\u0131l\u0131 \u0130\u015f Sa\u011fl\u0131\u011f\u0131 ve G\u00fcvenli\u011fi Kanunu 25426 say\u0131l\u0131 \u00c7al\u0131\u015fanlar\u0131n \u0130\u015f Sa\u011fl\u0131\u011f\u0131 ve G\u00fcvenli\u011fi E\u011fitimlerinin Usul ve Esaslar\u0131 Hakk\u0131nda Y\u00f6netmelik h\u00fck\u00fcmleri kapsam\u0131nda t\u00fcm i\u015fverenler \u00e7al\u0131\u015fanlar\u0131na sertifikal\u0131 i\u015f sa\u011fl\u0131\u011f\u0131 ve g\u00fcvenli\u011fi e\u011fitimi verdirmek zorundad\u0131r. \u0130\u015f sa\u011fl\u0131\u011f\u0131 ve [&hellip;]<\/p>\n","protected":false},"author":1,"featured_media":0,"parent":0,"menu_order":0,"comment_status":"closed","ping_status":"closed","template":"","meta":{"footnotes":""},"class_list":["post-24806","page","type-page","status-publish","hentry"],"_links":{"self":[{"href":"https:\/\/wp.beranet.com\/index.php\/wp-json\/wp\/v2\/pages\/24806","targetHints":{"allow":["GET"]}}],"collection":[{"href":"https:\/\/wp.beranet.com\/index.php\/wp-json\/wp\/v2\/pages"}],"about":[{"href":"https:\/\/wp.beranet.com\/index.php\/wp-json\/wp\/v2\/types\/page"}],"author":[{"embeddable":true,"href":"https:\/\/wp.beranet.com\/index.php\/wp-json\/wp\/v2\/users\/1"}],"replies":[{"embeddable":true,"href":"https:\/\/wp.beranet.com\/index.php\/wp-json\/wp\/v2\/comments?post=24806"}],"version-history":[{"count":1,"href":"https:\/\/wp.beranet.com\/index.php\/wp-json\/wp\/v2\/pages\/24806\/revisions"}],"predecessor-version":[{"id":24807,"href":"https:\/\/wp.beranet.com\/index.php\/wp-json\/wp\/v2\/pages\/24806\/revisions\/24807"}],"wp:attachment":[{"href":"https:\/\/wp.beranet.com\/index.php\/wp-json\/wp\/v2\/media?parent=24806"}],"curies":[{"name":"wp","href":"https:\/\/api.w.org\/{rel}","templated":true}]}}