{"id":24798,"date":"2025-09-09T16:45:05","date_gmt":"2025-09-09T13:45:05","guid":{"rendered":"https:\/\/yigitosgb.com\/?page_id=24798"},"modified":"2025-09-22T13:55:24","modified_gmt":"2025-09-22T10:55:24","slug":"mesleki-yeterlilik-egitimleri-2","status":"publish","type":"page","link":"https:\/\/wp.beranet.com\/index.php\/mesleki-yeterlilik-egitimleri-2\/","title":{"rendered":"Mesleki Yeterlilik E\u011fitimleri"},"content":{"rendered":"<div class=\"wpb-content-wrapper\"><p>[vc_row height=&#8221;auto&#8221; css=&#8221;.vc_custom_1496595329737{margin-top: -100px !important;}&#8221;][vc_column][vc_empty_space height=&#8221;100&#8243;][vc_custom_heading text=&#8221;MESLEK\u0130 YETERL\u0130L\u0130K E\u011e\u0130T\u0130MLER\u0130&#8221; font_container=&#8221;tag:h3|text_align:left&#8221; google_fonts=&#8221;font_family:Anton%3Aregular|font_style:400%20regular%3A400%3Anormal&#8221;][\/vc_column][\/vc_row][vc_row content_placement=&#8221;middle&#8221; height=&#8221;auto&#8221; bg_type=&#8221;bg_color&#8221; bg_color_value=&#8221;#efefef&#8221; css=&#8221;.vc_custom_1496606800428{padding-top: -50px !important;padding-bottom: -50px !important;}&#8221;][vc_column][vc_empty_space height=&#8221;20px&#8221;][vc_column_text]Tehlikeli ve \u00e7ok tehlikeli i\u015flerde \u00e7al\u0131\u015ft\u0131r\u0131lacaklar\u0131n e\u011fitimlerine dair y\u00f6netmelik gere\u011fi bu grupta bulunan i\u015f yeri sahipleri istihdam ettikleri personele mesleki e\u011fitimi ald\u0131rmak zorundad\u0131r.[\/vc_column_text][vc_empty_space height=&#8221;0px&#8221;][\/vc_column][\/vc_row][vc_row height=&#8221;auto&#8221; css=&#8221;.vc_custom_1495988000222{margin-top: 0px !important;}&#8221;][vc_column][vc_empty_space height=&#8221;20px&#8221;][vc_column_text]Hayat Boyu \u00d6\u011frenme Genel M\u00fcd\u00fcrl\u00fc\u011f\u00fc taraf\u0131ndan yay\u0131nlanm\u0131\u015f olan 191 adet e\u011fitim mod\u00fcl\u00fc bulunmaktad\u0131r. Bununla birlikte; 25 may\u0131s 2015 tarihinde yay\u0131nlanan mesleki yeterlilik belgesi zorunlulu\u011fu getirilen mesleklere ili\u015fkin tebli\u011f yay\u0131nlanm\u0131\u015ft\u0131r. Bu tebli\u011fde yay\u0131nlanan 48 meslek \u00e7al\u0131\u015fan\u0131na \u201cmesleki yeterlilik belgesi\u201d zorunlulu\u011fu getirilmi\u015ftir. Bu belge MYK ve T\u00dcRKAK taraf\u0131ndan akredite edilen kurulu\u015flar taraf\u0131ndan verilebilmektedir. Daha \u00f6nceden al\u0131nm\u0131\u015f olan mesleki e\u011fitim belgeleri 48 meslek dal\u0131 i\u00e7in yeterli olmayacakt\u0131r. 48 meslek dal\u0131 d\u0131\u015f\u0131nda kalan di\u011fer meslek \u00e7al\u0131\u015fanlar\u0131 mesleki e\u011fitim belgesini almal\u0131d\u0131rlar.<\/p>\n<p><strong>Y\u0130\u011e\u0130T OSGB<\/strong>\u00a0olarak bu kapsamda \u00e7al\u0131\u015fanlar\u0131n\u0131za MEB onayl\u0131 e\u011fitimleri d\u00fczenliyor ve belgelendirme hizmetlerini sunuyoruz.<\/p>\n<p><strong>E\u011e\u0130T\u0130M\/MESLEK\u0130 E\u011e\u0130T\u0130M H\u0130ZMETLER\u0130M\u0130Z;<\/strong><\/p>\n<ul>\n<li>MEB onayl\u0131 mesleki e\u011fitimler (191 mod\u00fcl)<\/li>\n<li>\u0130leri seviye \u0130\u015f Sa\u011fl\u0131\u011f\u0131 ve g\u00fcvenli\u011fi E\u011fitimleri<\/li>\n<li>\u0130lkyard\u0131m e\u011fitimleri<\/li>\n<li>Yang\u0131n E\u011fitimleri<\/li>\n<li>Y\u00fcksekte \u00e7al\u0131\u015fma e\u011fitimi<\/li>\n<li>Acil durum ekipleri e\u011fitimi<\/li>\n<li>Acil durum Tatbikatlar\u0131<\/li>\n<\/ul>\n<p>[\/vc_column_text][vc_empty_space height=&#8221;10px&#8221;][\/vc_column][\/vc_row]<\/p>\n<\/div>","protected":false},"excerpt":{"rendered":"<p>[vc_row height=&#8221;auto&#8221; css=&#8221;.vc_custom_1496595329737{margin-top: -100px !important;}&#8221;][vc_column][vc_empty_space height=&#8221;100&#8243;][vc_custom_heading text=&#8221;MESLEK\u0130 YETERL\u0130L\u0130K E\u011e\u0130T\u0130MLER\u0130&#8221; font_container=&#8221;tag:h3|text_align:left&#8221; google_fonts=&#8221;font_family:Anton%3Aregular|font_style:400%20regular%3A400%3Anormal&#8221;][\/vc_column][\/vc_row][vc_row content_placement=&#8221;middle&#8221; height=&#8221;auto&#8221; bg_type=&#8221;bg_color&#8221; bg_color_value=&#8221;#efefef&#8221; css=&#8221;.vc_custom_1496606800428{padding-top: -50px !important;padding-bottom: -50px !important;}&#8221;][vc_column][vc_empty_space height=&#8221;20px&#8221;][vc_column_text]Tehlikeli ve \u00e7ok tehlikeli i\u015flerde \u00e7al\u0131\u015ft\u0131r\u0131lacaklar\u0131n e\u011fitimlerine dair y\u00f6netmelik gere\u011fi bu grupta bulunan i\u015f yeri sahipleri istihdam ettikleri personele mesleki e\u011fitimi ald\u0131rmak zorundad\u0131r.[\/vc_column_text][vc_empty_space height=&#8221;0px&#8221;][\/vc_column][\/vc_row][vc_row height=&#8221;auto&#8221; css=&#8221;.vc_custom_1495988000222{margin-top: 0px !important;}&#8221;][vc_column][vc_empty_space height=&#8221;20px&#8221;][vc_column_text]Hayat Boyu \u00d6\u011frenme Genel M\u00fcd\u00fcrl\u00fc\u011f\u00fc taraf\u0131ndan yay\u0131nlanm\u0131\u015f [&hellip;]<\/p>\n","protected":false},"author":1,"featured_media":0,"parent":0,"menu_order":0,"comment_status":"closed","ping_status":"closed","template":"","meta":{"footnotes":""},"class_list":["post-24798","page","type-page","status-publish","hentry"],"_links":{"self":[{"href":"https:\/\/wp.beranet.com\/index.php\/wp-json\/wp\/v2\/pages\/24798","targetHints":{"allow":["GET"]}}],"collection":[{"href":"https:\/\/wp.beranet.com\/index.php\/wp-json\/wp\/v2\/pages"}],"about":[{"href":"https:\/\/wp.beranet.com\/index.php\/wp-json\/wp\/v2\/types\/page"}],"author":[{"embeddable":true,"href":"https:\/\/wp.beranet.com\/index.php\/wp-json\/wp\/v2\/users\/1"}],"replies":[{"embeddable":true,"href":"https:\/\/wp.beranet.com\/index.php\/wp-json\/wp\/v2\/comments?post=24798"}],"version-history":[{"count":1,"href":"https:\/\/wp.beranet.com\/index.php\/wp-json\/wp\/v2\/pages\/24798\/revisions"}],"predecessor-version":[{"id":24799,"href":"https:\/\/wp.beranet.com\/index.php\/wp-json\/wp\/v2\/pages\/24798\/revisions\/24799"}],"wp:attachment":[{"href":"https:\/\/wp.beranet.com\/index.php\/wp-json\/wp\/v2\/media?parent=24798"}],"curies":[{"name":"wp","href":"https:\/\/api.w.org\/{rel}","templated":true}]}}