{"id":24777,"date":"2025-09-09T16:15:03","date_gmt":"2025-09-09T13:15:03","guid":{"rendered":"https:\/\/yigitosgb.com\/?page_id=24777"},"modified":"2025-09-22T13:51:30","modified_gmt":"2025-09-22T10:51:30","slug":"isyeri-hekimi-hizmeti","status":"publish","type":"page","link":"https:\/\/wp.beranet.com\/index.php\/isyeri-hekimi-hizmeti\/","title":{"rendered":"\u0130\u015eYER\u0130 HEK\u0130M\u0130 H\u0130ZMET\u0130"},"content":{"rendered":"<div class=\"wpb-content-wrapper\"><p>[vc_row height=&#8221;auto&#8221; css=&#8221;.vc_custom_1496595329737{margin-top: -100px !important;}&#8221;][vc_column][vc_empty_space height=&#8221;100&#8243;][vc_custom_heading text=&#8221;\u0130\u015eYER\u0130 HEK\u0130M\u0130 H\u0130ZMET\u0130&#8221; font_container=&#8221;tag:h3|text_align:left&#8221; google_fonts=&#8221;font_family:Anton%3Aregular|font_style:400%20regular%3A400%3Anormal&#8221;][\/vc_column][\/vc_row][vc_row content_placement=&#8221;middle&#8221; height=&#8221;auto&#8221; bg_type=&#8221;bg_color&#8221; bg_color_value=&#8221;#efefef&#8221; css=&#8221;.vc_custom_1496606800428{padding-top: -50px !important;padding-bottom: -50px !important;}&#8221;][vc_column][vc_empty_space height=&#8221;20px&#8221;][vc_column_text]\u0130\u015f yeri hekimli\u011fi, firma \u00e7al\u0131\u015fanlar\u0131na i\u015fyeri hekimi taraf\u0131ndan verilen rehberlik ve dan\u0131\u015fmanl\u0131k hizmetleriyle beraber \u00e7al\u0131\u015fanlar\u0131n sa\u011fl\u0131k g\u00f6zetimi ve sa\u011fl\u0131k ile ilgili e\u011fitimlerini kapsar.<\/p>\n<p><strong>Y\u0130\u011e\u0130T OSGB<\/strong> olarak i\u015fyerlerinde sa\u011fl\u0131kl\u0131 ve g\u00fcvenli bir \u00e7al\u0131\u015fma ortam\u0131n\u0131n tesis edilmesi, sa\u011fl\u0131k ve g\u00fcvenlik risklerinin \u00f6nlenmesi ve koruyucu hizmetlerin y\u00fcr\u00fct\u00fclmesi i\u00e7in gerekli tedbirlerin belirlenmesi, bu tedbirlerin uygulanmas\u0131 ve uygulamalar\u0131n izlenmesi i\u015flerini y\u00fcr\u00fctmek \u00fczere \u201c\u0130\u015fyeri Hekimi G\u00f6revlendirilmesi\u201d ile gerekti\u011finde \u201cdi\u011fer sa\u011fl\u0131k personelinin g\u00f6revlendirilmesi\u201d\u00a0 hizmetlerini ger\u00e7ekle\u015ftirmekteyiz.[\/vc_column_text][vc_empty_space height=&#8221;0px&#8221;][\/vc_column][\/vc_row][vc_row height=&#8221;auto&#8221; css=&#8221;.vc_custom_1495988000222{margin-top: 0px !important;}&#8221;][vc_column][vc_empty_space height=&#8221;20px&#8221;][vc_column_text css=&#8221;&#8221; css_params=&#8221;&#8221;]<\/p>\n<h4 class=\"box-header\">\u0130\u015fyeri Hekiminin Sorumluluklar\u0131 Nelerdir?<\/h4>\n<ul>\n<li>Rehberlik ve dan\u0131\u015fmanl\u0131k<\/li>\n<li>Sa\u011fl\u0131k g\u00f6zetimi<\/li>\n<li>E\u011fitim ve bilgilendirme<\/li>\n<li>\u0130lgili birimlerle i\u015fbirli\u011fi<\/li>\n<\/ul>\n<h4>Yasaya G\u00f6re \u0130\u015fyeri Hekimli\u011fi<\/h4>\n<p>\u0130\u015fveren, i\u015fyerlerinde al\u0131nmas\u0131 gereken i\u015f sa\u011fl\u0131\u011f\u0131 ve g\u00fcvenli\u011fi tedbirlerinin belirlenmesi ve uygulanmas\u0131n\u0131n izlenmesi, i\u015f kazas\u0131 ve meslek hastal\u0131klar\u0131n\u0131n \u00f6nlenmesi, \u00e7al\u0131\u015fanlar\u0131n ilk yard\u0131m ve acil tedavi ile koruyucu sa\u011fl\u0131k ve g\u00fcvenlik hizmetlerinin y\u00fcr\u00fct\u00fclmesi amac\u0131yla; \u00e7al\u0131\u015fanlar\u0131 aras\u0131ndan bu Y\u00f6netmelikte belirtilen nitelikleri haiz bir veya birden fazla i\u015fyeri hekimi, i\u015f g\u00fcvenli\u011fi uzman\u0131 ve di\u011fer sa\u011fl\u0131k personeli g\u00f6revlendirmekle y\u00fck\u00fcml\u00fcd\u00fcr.[\/vc_column_text][vc_empty_space height=&#8221;10px&#8221;][\/vc_column][\/vc_row]<\/p>\n<\/div>","protected":false},"excerpt":{"rendered":"<p>[vc_row height=&#8221;auto&#8221; css=&#8221;.vc_custom_1496595329737{margin-top: -100px !important;}&#8221;][vc_column][vc_empty_space height=&#8221;100&#8243;][vc_custom_heading text=&#8221;\u0130\u015eYER\u0130 HEK\u0130M\u0130 H\u0130ZMET\u0130&#8221; font_container=&#8221;tag:h3|text_align:left&#8221; google_fonts=&#8221;font_family:Anton%3Aregular|font_style:400%20regular%3A400%3Anormal&#8221;][\/vc_column][\/vc_row][vc_row content_placement=&#8221;middle&#8221; height=&#8221;auto&#8221; bg_type=&#8221;bg_color&#8221; bg_color_value=&#8221;#efefef&#8221; css=&#8221;.vc_custom_1496606800428{padding-top: -50px !important;padding-bottom: -50px !important;}&#8221;][vc_column][vc_empty_space height=&#8221;20px&#8221;][vc_column_text]\u0130\u015f yeri hekimli\u011fi, firma \u00e7al\u0131\u015fanlar\u0131na i\u015fyeri hekimi taraf\u0131ndan verilen rehberlik ve dan\u0131\u015fmanl\u0131k hizmetleriyle beraber \u00e7al\u0131\u015fanlar\u0131n sa\u011fl\u0131k g\u00f6zetimi ve sa\u011fl\u0131k ile ilgili e\u011fitimlerini kapsar. Y\u0130\u011e\u0130T OSGB olarak i\u015fyerlerinde sa\u011fl\u0131kl\u0131 ve g\u00fcvenli bir \u00e7al\u0131\u015fma ortam\u0131n\u0131n tesis edilmesi, [&hellip;]<\/p>\n","protected":false},"author":1,"featured_media":0,"parent":0,"menu_order":0,"comment_status":"closed","ping_status":"closed","template":"","meta":{"footnotes":""},"class_list":["post-24777","page","type-page","status-publish","hentry"],"_links":{"self":[{"href":"https:\/\/wp.beranet.com\/index.php\/wp-json\/wp\/v2\/pages\/24777","targetHints":{"allow":["GET"]}}],"collection":[{"href":"https:\/\/wp.beranet.com\/index.php\/wp-json\/wp\/v2\/pages"}],"about":[{"href":"https:\/\/wp.beranet.com\/index.php\/wp-json\/wp\/v2\/types\/page"}],"author":[{"embeddable":true,"href":"https:\/\/wp.beranet.com\/index.php\/wp-json\/wp\/v2\/users\/1"}],"replies":[{"embeddable":true,"href":"https:\/\/wp.beranet.com\/index.php\/wp-json\/wp\/v2\/comments?post=24777"}],"version-history":[{"count":2,"href":"https:\/\/wp.beranet.com\/index.php\/wp-json\/wp\/v2\/pages\/24777\/revisions"}],"predecessor-version":[{"id":24779,"href":"https:\/\/wp.beranet.com\/index.php\/wp-json\/wp\/v2\/pages\/24777\/revisions\/24779"}],"wp:attachment":[{"href":"https:\/\/wp.beranet.com\/index.php\/wp-json\/wp\/v2\/media?parent=24777"}],"curies":[{"name":"wp","href":"https:\/\/api.w.org\/{rel}","templated":true}]}}