{"id":24772,"date":"2025-09-09T16:03:29","date_gmt":"2025-09-09T13:03:29","guid":{"rendered":"https:\/\/yigitosgb.com\/?page_id=24772"},"modified":"2025-12-02T15:26:49","modified_gmt":"2025-12-02T12:26:49","slug":"is-guvenligi-uzmani-hizmeti","status":"publish","type":"page","link":"https:\/\/wp.beranet.com\/index.php\/is-guvenligi-uzmani-hizmeti\/","title":{"rendered":"\u0130\u015e G\u00dcVENL\u0130\u011e\u0130 UZMANI H\u0130ZMET\u0130"},"content":{"rendered":"<div class=\"wpb-content-wrapper\"><p>[vc_row height=&#8221;auto&#8221; css=&#8221;.vc_custom_1496595329737{margin-top: -100px !important;}&#8221;][vc_column][vc_empty_space height=&#8221;100&#8243;][vc_custom_heading text=&#8221;\u0130\u015e G\u00dcVENL\u0130\u011e\u0130 UZMANI H\u0130ZMET\u0130&#8221; font_container=&#8221;tag:h3|text_align:left&#8221; google_fonts=&#8221;font_family:Anton%3Aregular|font_style:400%20regular%3A400%3Anormal&#8221;][\/vc_column][\/vc_row][vc_row content_placement=&#8221;middle&#8221; height=&#8221;auto&#8221; bg_type=&#8221;bg_color&#8221; bg_color_value=&#8221;#efefef&#8221; css=&#8221;.vc_custom_1496606800428{padding-top: -50px !important;padding-bottom: -50px !important;}&#8221;][vc_column][vc_empty_space height=&#8221;20px&#8221;][vc_column_text]\u0130\u015f G\u00fcvenli\u011fi Uzman\u0131, \u0130\u015f g\u00fcvenli\u011fi e\u011fitim program\u0131n\u0131 tamamlayarak e\u011fitim sonunda Bakanl\u0131k taraf\u0131ndan yap\u0131lacak veya yapt\u0131r\u0131lacak s\u0131navda ba\u015far\u0131l\u0131 olan mimar, m\u00fchendis veya teknik elemanlara \u0130\u015f G\u00fcvenli\u011fi Uzman\u0131 denir.<\/p>\n<p>\u0130\u015f G\u00fcvenli\u011fi hizmetleri, i\u015f g\u00fcvenli\u011fi uzman\u0131 taraf\u0131ndan \u00e7al\u0131\u015fanlara rehberlik, dan\u0131\u015fmanl\u0131k, risk de\u011ferlendirme hizmetleriyle beraber \u00e7al\u0131\u015fanlar\u0131n \u00e7al\u0131\u015fma ortam\u0131 g\u00f6zetimi, e\u011fitim ve bilgilendirilmesi faaliyetlerini kapsar.[\/vc_column_text][vc_empty_space height=&#8221;0px&#8221;][\/vc_column][\/vc_row][vc_row height=&#8221;auto&#8221; css=&#8221;.vc_custom_1495988000222{margin-top: 0px !important;}&#8221;][vc_column][vc_empty_space height=&#8221;20px&#8221;][vc_column_text css=&#8221;&#8221; css_params=&#8221;&#8221;]<\/p>\n<h3>\u0130\u015f G\u00fcvenli\u011fi Uzman\u0131n\u0131n Sorumluluklar\u0131 Nelerdir?<\/h3>\n<p>[\/vc_column_text][vc_tta_accordion][vc_tta_section title=&#8221;Rehberlik ve Dan\u0131\u015fmanl\u0131k&#8221; tab_id=&#8221;1603986374103-95252176-a000&#8243;][vc_column_text]\u0130\u015f g\u00fcvenli\u011fi uzman\u0131 hizmet verdi\u011fi i\u015fyerinde yap\u0131lan \u00e7al\u0131\u015fmalar ve yap\u0131lacak de\u011fi\u015fikliklerle ilgili olarak tasar\u0131m, makine ve di\u011fer te\u00e7hizat\u0131n durumu, bak\u0131m\u0131, se\u00e7imi ve kullan\u0131lan maddeler de d\u00e2hil olmak \u00fczere i\u015fin planlanmas\u0131, organizasyonu ve uygulanmas\u0131, ki\u015fisel koruyucu donan\u0131mlar\u0131n se\u00e7imi, temini, kullan\u0131m\u0131, bak\u0131m\u0131, muhafazas\u0131 ve test edilmesi konular\u0131n\u0131n, i\u015f sa\u011fl\u0131\u011f\u0131 ve g\u00fcvenli\u011fi mevzuat\u0131na ve genel i\u015f g\u00fcvenli\u011fi kurallar\u0131na uygun olarak s\u00fcrd\u00fcr\u00fclmesini sa\u011flamak i\u00e7in i\u015fverene bu konularla ilgili tavsiyelerde bulunmak.<\/p>\n<p><strong>\u0130\u015f Sa\u011fl\u0131\u011f\u0131 ve G\u00fcvenli\u011fi do\u011frultusunda Rehberlik ve Dan\u0131\u015fmanl\u0131k Hizmetlerini Y\u0130\u011e\u0130T OSGB olarak ger\u00e7ekle\u015ftirmekteyiz.<\/strong>[\/vc_column_text][\/vc_tta_section][vc_tta_section title=&#8221;Risk De\u011ferlendirmesi&#8221; tab_id=&#8221;1603986374169-530aeaca-ebe4&#8243;][vc_column_text]Risk de\u011ferlendirmesi \u2013 Genel olarak tehlike tan\u0131mlamas\u0131, risk de\u011ferlendirmesi, risk analizi s\u00fcrecidir.<\/p>\n<p>Tehlike-Risk tespiti \u2013 Tehlikelerin saptanmas\u0131, incelenmesi ve raporlanmas\u0131 s\u00fcrecini tan\u0131mlar.<\/p>\n<ul>\n<li>Risk analizi yapmak, tehlikeleri anlama ve risk d\u00fczeyini belirleme s\u00fcrecidir.<\/li>\n<li>Risk analizi, risk de\u011ferlendirmesi ve risk kontrol\u00fc ile ilgili kararlar i\u00e7in bir temel bir alt yap\u0131 sa\u011flar.<\/li>\n<li>Risk analizi, risk ke\u015fiflerini i\u00e7erir.<\/li>\n<li>Risk de\u011ferlendirmesi ise ke\u015ffedilen bir riskin kar\u015f\u0131la\u015ft\u0131r\u0131lmas\u0131 prosesini tan\u0131mlar.<\/li>\n<li>Risk kontrol\u00fc ise, izlemeyi, de\u011ferlendirmeyi ve bu proseste al\u0131nan kararlara uyumunu i\u00e7erir.<\/li>\n<\/ul>\n<p><strong>Risk de\u011ferlendirmesi y\u00f6netmeli\u011fi do\u011frultusunda Y\u0130\u011e\u0130T OSGB olarak i\u015fletmenize uygun risk de\u011ferlendirmesi (risk analizi) ger\u00e7ekle\u015ftirmekteyiz.<\/strong>[\/vc_column_text][\/vc_tta_section][vc_tta_section title=&#8221;\u00c7al\u0131\u015fma Ortam\u0131 G\u00f6zetimi&#8221; tab_id=&#8221;1603986534986-9b156e31-196d&#8221;][vc_column_text]\u00c7al\u0131\u015fma Alan\u0131 g\u00f6zetimi i\u015f yerini bilen, tan\u0131yan yetkili bir ki\u015fi veya olu\u015fturulan ekip taraf\u0131ndan yap\u0131lmal\u0131d\u0131r. Ekibe operasyona en hakim olan ki\u015fileri dahil etmek faydal\u0131 olacakt\u0131r.<\/p>\n<p>Genel olarak, \u00c7al\u0131\u015fma alan\u0131 g\u00f6zetimi;<\/p>\n<p>Tehlikeler tan\u0131mlan\u0131r.<\/p>\n<p>Olu\u015fan yaralanma veya hastal\u0131k gibi zarar olas\u0131l\u0131klar\u0131 ve bunlar\u0131n seviyesi belirlenir.<\/p>\n<p>Normal \u00e7al\u0131\u015fma durumlar\u0131n\u0131n d\u0131\u015f\u0131nda bak\u0131m, kapanmalar, elektrik kesintileri, acil durumlar, d\u00fczensiz hava ko\u015fullar\u0131 gibi standart d\u0131\u015f\u0131 olaylar\u0131 da g\u00f6z \u00f6n\u00fcnde bulundurmam\u0131z faydal\u0131 olacakt\u0131r.<\/p>\n<p>G\u00fcvenlik Bilgi Formu (MSDS), \u00fcretici literat\u00fcr bilgilerini, di\u011fer bilindik kurulu\u015flardan gelen geri bildirimler, test sonu\u00e7lar\u0131, i\u015fyeri i\u00e7in analiz raporlar\u0131, i\u015fyerindeki olaylar\u0131n ge\u00e7mi\u015fe d\u00f6n\u00fck kay\u0131tlar\u0131 (kazalar) gibi tehlike ile ilgili veriler, t\u00fcm sa\u011fl\u0131k ve g\u00fcvenlik bilgilerini g\u00f6zden ge\u00e7irilerek \u00e7al\u0131\u015fma ortam\u0131 incelenir.<\/p>\n<p>Tehlikeyi ortadan kald\u0131rmak veya en aza indirmek i\u00e7in gerekli uygulamalar belirlenir veya riskleri kontrol alt\u0131na alabilmek i\u00e7in uygulama hiyerar\u015fisi kullan\u0131larak riski kontrol etme belirlenir.<\/p>\n<p>Tehlikenin giderilip giderilmedi\u011fini veya riskin uygun \u015fekilde kontrol edilip edilmedi\u011fi incelenilerek onay verilir.<\/p>\n<p>Tehlike kar\u015f\u0131s\u0131nda kontrol\u00fcn etkili bir \u015fekilde devam etti\u011fi takip edilir.<\/p>\n<p>\u00c7al\u0131\u015fma ortam\u0131 ile ilgili gerekli olabilecek kay\u0131tlar ve arg\u00fcmanlar saklan\u0131r.<\/p>\n<p><strong>\u0130\u015f Sa\u011fl\u0131\u011f\u0131 ve G\u00fcvenli\u011fi do\u011frultusunda \u00c7al\u0131\u015fma Ortam\u0131 G\u00f6zetimini Y\u0130\u011e\u0130T OSGB olarak ger\u00e7ekle\u015ftirmekteyiz.<\/strong>[\/vc_column_text][\/vc_tta_section][vc_tta_section title=&#8221;E\u011fitim, Bilgilendirme, Kay\u0131t&#8221; tab_id=&#8221;1603986569377-53f44060-a33a&#8221;][vc_column_text]\u0130\u015f sa\u011fl\u0131\u011f\u0131 ve g\u00fcvenli\u011fi e\u011fitimlerini ilgili mevzuata uygun olarak planlamak ve uygulamak. \u00c7al\u0131\u015fma ortam\u0131n\u0131n g\u00f6zetimi ile ilgili \u00e7al\u0131\u015fmalar\u0131 kaydetmek ve y\u0131ll\u0131k de\u011ferlendirme raporunu i\u015fyeri hekimi ile i\u015fbirli\u011fi yaparak haz\u0131rlamak.<\/p>\n<p><strong>\u0130\u015f Sa\u011fl\u0131\u011f\u0131 ve G\u00fcvenli\u011fi do\u011frultusunda E\u011fitim, Bilgilendirme ve Kay\u0131t Hizmetlerini Y\u0130\u011e\u0130T OSGB olarak ger\u00e7ekle\u015ftirmekteyiz.<\/strong>[\/vc_column_text][\/vc_tta_section][vc_tta_section title=&#8221;\u0130lgili Birimlerle \u0130\u015fbirli\u011fi&#8221; tab_id=&#8221;1603986982647-386d3119-35a2&#8243;][vc_column_text]\u0130\u015f sa\u011fl\u0131\u011f\u0131 ve g\u00fcvenli\u011fi kapsaml\u0131 bir \u015fekilde ele al\u0131nmal\u0131d\u0131r. \u0130\u015f y\u00fck\u00fc uzmanl\u0131k alanlar\u0131 ile ilgili olarak b\u00f6l\u00fcnmeler olsa da tak\u0131m deste\u011fi ile ilerlemekte olan bu sekt\u00f6r \u00a0<strong>i\u015f sa\u011fl\u0131\u011f\u0131 ve g\u00fcvenli\u011fi uzman\u0131<\/strong>, teknikeri, i\u015fyeri hekimi ve i\u015fyerinin \u00fcst d\u00fczey y\u00f6neticileri i\u015f birli\u011fi yaparak i\u015f b\u00f6l\u00fcm\u00fc sa\u011flamaktad\u0131rlar.<\/p>\n<ul>\n<li>\u0130\u015f sa\u011fl\u0131\u011f\u0131 ve g\u00fcvenli\u011fi uzmanlar\u0131 yaln\u0131zca iyile\u015ftirmeler, geli\u015ftirmeler ve \u00f6nlemlerin uygulanmas\u0131 ile sorumlu olan ki\u015filer de\u011fildirler, bu g\u00f6revlerinin yan\u0131 s\u0131ra ger\u00e7ekle\u015ftirilmi\u015f olan uygulamalar\u0131n d\u00fczenli bir \u015fekilde denetlemesini de yapmak zorundad\u0131rlar.<\/li>\n<li>\u0130nsan sa\u011fl\u0131\u011f\u0131 ve g\u00fcvenli\u011fi her ko\u015fulda \u00f6n planda tutulmaktad\u0131r. Bu sebepten firma b\u00fcnyesinde \u00e7al\u0131\u015fmakta olan ki\u015filerin hayatlar\u0131n\u0131 riske atacak her uygulaman\u0131n durdurulmas\u0131 gereken \u00f6nlem ve tedbirlerin uygulanmas\u0131 i\u015f sa\u011fl\u0131\u011f\u0131 ve g\u00fcvenli\u011fi uzmanlar\u0131n\u0131n g\u00f6revleri aras\u0131nda yer almaktad\u0131r.<\/li>\n<li>Firma genelinde i\u015fyeri hekimi ve \u00fcst d\u00fczey y\u00f6neticiler ile birlikte i\u015f birli\u011fi yaparak y\u0131ll\u0131k planlamalar yap\u0131lmas\u0131 gerekmektedir.<\/li>\n<\/ul>\n<p><strong>\u0130\u015f Sa\u011fl\u0131\u011f\u0131 ve G\u00fcvenli\u011fi do\u011frultusunda \u0130lgili Birimlerle \u0130\u015f Birli\u011fini Y\u0130\u011e\u0130T OSGB olarak ger\u00e7ekle\u015ftirmekteyiz.<\/strong>[\/vc_column_text][\/vc_tta_section][\/vc_tta_accordion][vc_empty_space height=&#8221;200px&#8221;][\/vc_column][\/vc_row]<\/p>\n<\/div>","protected":false},"excerpt":{"rendered":"<p>[vc_row height=&#8221;auto&#8221; css=&#8221;.vc_custom_1496595329737{margin-top: -100px !important;}&#8221;][vc_column][vc_empty_space height=&#8221;100&#8243;][vc_custom_heading text=&#8221;\u0130\u015e G\u00dcVENL\u0130\u011e\u0130 UZMANI H\u0130ZMET\u0130&#8221; font_container=&#8221;tag:h3|text_align:left&#8221; google_fonts=&#8221;font_family:Anton%3Aregular|font_style:400%20regular%3A400%3Anormal&#8221;][\/vc_column][\/vc_row][vc_row content_placement=&#8221;middle&#8221; height=&#8221;auto&#8221; bg_type=&#8221;bg_color&#8221; bg_color_value=&#8221;#efefef&#8221; css=&#8221;.vc_custom_1496606800428{padding-top: -50px !important;padding-bottom: -50px !important;}&#8221;][vc_column][vc_empty_space height=&#8221;20px&#8221;][vc_column_text]\u0130\u015f G\u00fcvenli\u011fi Uzman\u0131, \u0130\u015f g\u00fcvenli\u011fi e\u011fitim program\u0131n\u0131 tamamlayarak e\u011fitim sonunda Bakanl\u0131k taraf\u0131ndan yap\u0131lacak veya yapt\u0131r\u0131lacak s\u0131navda ba\u015far\u0131l\u0131 olan mimar, m\u00fchendis veya teknik elemanlara \u0130\u015f G\u00fcvenli\u011fi Uzman\u0131 denir. \u0130\u015f G\u00fcvenli\u011fi hizmetleri, i\u015f g\u00fcvenli\u011fi uzman\u0131 taraf\u0131ndan [&hellip;]<\/p>\n","protected":false},"author":1,"featured_media":0,"parent":0,"menu_order":0,"comment_status":"closed","ping_status":"closed","template":"","meta":{"footnotes":""},"class_list":["post-24772","page","type-page","status-publish","hentry"],"_links":{"self":[{"href":"https:\/\/wp.beranet.com\/index.php\/wp-json\/wp\/v2\/pages\/24772","targetHints":{"allow":["GET"]}}],"collection":[{"href":"https:\/\/wp.beranet.com\/index.php\/wp-json\/wp\/v2\/pages"}],"about":[{"href":"https:\/\/wp.beranet.com\/index.php\/wp-json\/wp\/v2\/types\/page"}],"author":[{"embeddable":true,"href":"https:\/\/wp.beranet.com\/index.php\/wp-json\/wp\/v2\/users\/1"}],"replies":[{"embeddable":true,"href":"https:\/\/wp.beranet.com\/index.php\/wp-json\/wp\/v2\/comments?post=24772"}],"version-history":[{"count":4,"href":"https:\/\/wp.beranet.com\/index.php\/wp-json\/wp\/v2\/pages\/24772\/revisions"}],"predecessor-version":[{"id":25033,"href":"https:\/\/wp.beranet.com\/index.php\/wp-json\/wp\/v2\/pages\/24772\/revisions\/25033"}],"wp:attachment":[{"href":"https:\/\/wp.beranet.com\/index.php\/wp-json\/wp\/v2\/media?parent=24772"}],"curies":[{"name":"wp","href":"https:\/\/api.w.org\/{rel}","templated":true}]}}